d = w - 135. What are the prime factors of d?
5, 17
Let j be ((-3)/(-3))/(2/(-8)). Let c be (-250)/(-7) + j/(-14). Let r = 62 - c. What are the prime factors of r?
2, 13
Let g be 1 - (-2 + 2 - (34 - -4)). Suppose -42*j + g*j = -177. List the prime factors of j.
59
Let z(r) = 3*r - 7. Let y be z(3). Suppose -y*f = -4*o - 118, -3*o + 2*f = 4*f + 106. What are the prime factors of o/24*18/(-4)?
2, 3
Suppose -7*f = -17*f + 16840. List the prime factors of f.
2, 421
Suppose 4*h - 2317 = -3*n, 101*n - 3096 = 97*n - 2*h. List the prime factors of n.
5, 31
Suppose -4*p - 5*o + 785 = 0, 0*o + 4*o = -p + 199. List the prime factors of p.
3, 5, 13
Let i(h) = 2*h**2 - 6*h - 8. Let g be i(-5). Suppose -2*a = -4*a + g. What are the prime factors of a?
2, 3
Let u(f) = f**3 + 23*f**2 + 37*f + 4. Let v be u(-21). List the prime factors of (-56)/(-28)*(-2)/(-4)*v.
109
Suppose 2*u = -354 - 586. Let p be u/(-60) + 1/6. List the prime factors of 16 + 0*4/p.
2
Let p be 0 + (26/(-6) - 1/(-3)). List the prime factors of (-44)/p*(-2 - -5).
3, 11
Suppose x + 575 = 2*k, 0 = 81*k - 76*k - x - 1439. What are the prime factors of k?
2, 3
Let v(g) = g**3 - 6*g**2 + g - 3. Let r be v(6). Suppose -4*s - 73 = -t, 5 = r*s - 1. What are the prime factors of t?
3
Suppose 2*u = -5*i + 532, -i = -2 - 0. What are the prime factors of u?
3, 29
What are the prime factors of -1 + 7 + 718 + -91?
3, 211
List the prime factors of 4917/44 + 1/4.
2, 7
Suppose -v + 5*v + 498 = 2*w, 4 = -4*v. What are the prime factors of w?
13, 19
Suppose 3*i = i - 26. Let v be (18/15)/((-2)/(-25) - 0). Let s = i + v. List the prime factors of s.
2
Suppose 0 = 2*a + 8, 4*a + 25 = 5*g - 51. List the prime factors of g.
2, 3
Let x = 3404 + -1311. What are the prime factors of x?
7, 13, 23
Suppose 16*p + 455 = 11*p. Let i = p - -154. List the prime factors of i.
3, 7
Suppose 96*y = 95*y + 257. What are the prime factors of y?
257
Let n = 838 + -304. Suppose -5*z - z = -n. What are the prime factors of z?
89
Suppose -8*c + 3954 = -398. What are the prime factors of c?
2, 17
Let b(j) = 16*j**2 - j - 55. List the prime factors of b(-10).
5, 311
Let d = 69 + -47. Suppose -d*t = -19*t - 315. What are the prime factors of t?
3, 5, 7
Let o = -1136 + 1925. What are the prime factors of o?
3, 263
Let g(t) be the first derivative of t**4/4 - 2*t**3/3 - t**2 - 2. Let d be g(3). Suppose -2*z = 2*q - 28, d*z - 47 = -3*q - z. What are the prime factors of q?
3
Suppose 18*i - 3*i = 0. Suppose i = 2*a - 0 - 8. What are the prime factors of a?
2
Suppose -713 = -5*d + 82. List the prime factors of d.
3, 53
Suppose -3*t + 16 = 46. Let v be (78/15)/((-1)/t). Suppose 2*x + 2*x - v = 0. What are the prime factors of x?
13
Let o be 2/(-6) + (1 - (-664)/12). Suppose 3*u - o = u. List the prime factors of u.
2, 7
Let m be 0 - (22 - (-1 + 1)). Let s(i) = -i + 4. Let k be s(4). Let z = k - m. What are the prime factors of z?
2, 11
Let s = -284 + 606. What are the prime factors of s?
2, 7, 23
What are the prime factors of (-3)/(9/(-966)) - -2?
2, 3
Let a(i) be the first derivative of i**6/360 - i**5/60 - i**4/12 + i**3 + 3. Let d(u) be the third derivative of a(u). What are the prime factors of d(5)?
13
Suppose 0 = -17*x - 0*x - 102. Let k = x + 143. What are the prime factors of k?
137
Suppose 0 = k - b - 7, 4*k = b + 4*b + 23. Suppose -5*z + d - 10 = 0, -2*z = -d - d + k. Let m = 11 + z. What are the prime factors of m?
2, 5
Let b be 2/3*(-1146)/(-4). Suppose -v + 402 = -3*u, -3*v = 2*u - 0*u + 268. Let x = u + b. What are the prime factors of x?
3, 19
Let z = 15 - 7. Let c be (183/(-4))/((-3)/z). Suppose -5*q + c = -23. List the prime factors of q.
29
Suppose 0 = -17*p + 79257 - 20114. What are the prime factors of p?
7, 71
Let c be (6/(-15))/(2/(-110)). Suppose 5*h = 3*j + 329, h - 43 = j + c. List the prime factors of h.
67
Let u = 343 - 164. List the prime factors of u.
179
Suppose -5*g - 20 = 0, 4*r - 5*r = -2*g - 12. Suppose -3*f - r = -5*f. Suppose -100 = -f*p - 2*p. List the prime factors of p.
5
Suppose 0*c + 16 = 4*m + 4*c, -m + 4*c = 1. Let d(n) = -3*n + 4. Let a be d(m). Let o(g) = g**3 + 5*g**2 - 6*g - 2. List the prime factors of o(a).
2, 7
Let h(r) = -2*r**2 - 13*r + 10. Let q be h(-7). List the prime factors of 1*(38*q + -4).
2, 5, 11
Let s(v) = v**2 + 5*v - 6. Let c be s(-6). Suppose c*z + z - 6 = 0. Suppose 2*w = -z, 84 = 3*p - 2*w - 3*w. List the prime factors of p.
23
Let w = 23 - 7. Let a be (w - 7)/(6/(-4)). Let r(b) = b**2 + 2*b + 5. What are the prime factors of r(a)?
29
Let z(p) = p**2 + p + 1. What are the prime factors of z(-20)?
3, 127
What are the prime factors of (-58)/(-174) + 1/(3/1076)?
359
Let j(x) = -x**2 + 20*x + 27. Let d be j(21). Suppose 2*q - 111 = d*u - 3*u, 5*u + 227 = 4*q. What are the prime factors of q?
3, 7
What are the prime factors of 18 - -653 - (0 - 0 - -2)?
3, 223
Suppose -5*o - 35 = -100. Suppose p - 49 - o = 0. List the prime factors of p.
2, 31
Let s(g) = 3*g**2 + 148*g + 206. List the prime factors of s(-69).
7, 13, 47
Suppose -3*u = -4*j + 14, j - 5*j - 3*u = -2. Suppose 3*i = j*i + 39. What are the prime factors of i?
3, 13
Let m(r) = 39*r**2 - 39*r - 359. What are the prime factors of m(-9)?
23, 137
Let f(r) = -10*r**3 - 2. Let k be f(3). List the prime factors of (-16626)/k + (-1 - (-7)/8).
61
Let j = -733 - -1264. List the prime factors of j.
3, 59
Let a be 1/3 - 14/6. Let t be (-1)/(1/a) + -2. List the prime factors of 17 - t - (-6)/2.
2, 5
Let z be 4/10 + 77/(-5). Let k = 17 - z. Suppose -o + k = -1. List the prime factors of o.
3, 11
Let i be (-15)/(-10)*(-10)/(-3). Suppose -5*w + 4*b - 94 = 0, -2*w + i*b = 27 - 3. Let q = w + 34. What are the prime factors of q?
2, 3
Let d(r) = r**3 + 14*r**2 + 8*r - 23. Suppose -60 = -13*k + 18*k. List the prime factors of d(k).
13
Suppose 33*t - 16054 = 71462. List the prime factors of t.
2, 3, 13, 17
Let p(q) = 174*q**2 + 4*q + 5. What are the prime factors of p(-2)?
3, 7, 11
Let b(a) = -2*a + 7*a**2 + 22 + 3*a - 23 + a**3. List the prime factors of b(-6).
29
Let n(j) = 10*j**3 - 4*j**2 + 2*j + 4. List the prime factors of n(3).
2, 61
Let y(a) = -a**2 + 10*a + 2. Let o be y(10). Suppose 0 = 3*k - 54 + 3. Suppose o*u = 29 + k. List the prime factors of u.
23
Suppose -3*i + 2 = -i. Let k be ((-3)/(0 + -1))/i. Suppose -2*x - 5*c + 100 = k*x, -3*c = 6. List the prime factors of x.
2, 11
List the prime factors of (-42)/(-6) - (-2530 + -1 + 3).
3, 5, 13
Suppose c + 3 + 1 = 0. Let i be (c/(-6))/((-8)/60). Let a(r) = -9*r - 11. What are the prime factors of a(i)?
2, 17
Suppose -4*a + 538 = 2*g, -2*a - 3*g = -5*a + 417. Let l = -28 + a. What are the prime factors of l?
2, 3
Suppose 0 = 7*s - 0*s - 3115. Suppose 0*v = 2*j - v - s, 5*j - 1115 = 2*v. List the prime factors of j.
3, 5
Let i(w) = -w**3 + 6*w**2 - 6*w + 3. Let a be i(2). Suppose a*l = 4*l + 6. List the prime factors of l.
2
Suppose -2*j + f = -204, -5 = -4*f + 3. Let q = j - 20. List the prime factors of q.
83
Suppose -4*z = -8 - 4. Let t(o) = o**2 - o - 3. Let y be t(z). Suppose -2*h - 2*r + 64 = 0, -1 = -2*r + y. List the prime factors of h.
2, 3, 5
Let n(k) = -554*k - 38. List the prime factors of n(-7).
2, 3, 5
Let a = -1216 - -2394. What are the prime factors of a?
2, 19, 31
Suppose 13*j = 11*j + 114. Suppose 0 = 5*z + 2*q - 95 - j, -2*z = 3*q - 52. What are the prime factors of z?
2
List the prime factors of (-84)/(-98) + 8823/21.
421
List the prime factors of (84/(-18))/(-1*4/48).
2, 7
Suppose -p - 2*o - o + 2735 = 0, 4*p - 2*o - 10940 = 0. What are the prime factors of p?
5, 547
Let z(h) = -6*h + 14. Let s(d) = -18*d + 41. Let w(t) = -3*s(t) + 8*z(t). List the prime factors of w(14).
73
Suppose -5*b + 5 = -4*b. Let n(j) = 3*j**2 - 10*j + 3. Let l be n(3). Suppose l = 3*c - b*c + 26. What are the prime factors of c?
13
Let k(z) be the third derivative of z**6/30 - z**4/4 + z**3/2 + 3*z**2. Let q be k(2). List the prime factors of (8 + -3 + -2)*q.
3, 23
List the prime factors of (123 - -1) + -1 - (-72)/(-72).
2, 61
Suppose -12*s + 8*s - 40 = 0. Let w(f) = -7*f - 5. Let y(n) = -4*n - 2. Let k(t) = 3*w(t) - 5*y(t). What are the prime factors of k(s)?
5
Suppose -2*y - 3*u + 3 = 0, -2*u + 2 = 3*y - 6*y. Suppose 368 = 2*h + 4*t, y*t = t - 2. Suppose 6*d - h = d. What are the prim